{"id":19631,"date":"2025-10-16T18:02:36","date_gmt":"2025-10-16T18:02:36","guid":{"rendered":"http:\/\/betatest.fokal.org\/?page_id=19631"},"modified":"2025-10-16T18:53:30","modified_gmt":"2025-10-16T18:53:30","slug":"sibvansyon","status":"publish","type":"page","link":"http:\/\/betatest.fokal.org\/index.php\/kr\/sibvansyon\/","title":{"rendered":"Sibvansyon"},"content":{"rendered":"\t\t<div data-elementor-type=\"wp-page\" data-elementor-id=\"19631\" class=\"elementor elementor-19631\">\n\t\t\t\t<div class=\"elementor-element elementor-element-c69731e e-flex e-con-boxed e-con e-parent\" data-id=\"c69731e\" data-element_type=\"container\" data-e-type=\"container\">\n\t\t\t\t\t<div class=\"e-con-inner\">\n\t\t\t\t<div class=\"elementor-element elementor-element-bcac128 animated-slow elementor-invisible elementor-widget elementor-widget-text-editor\" data-id=\"bcac128\" data-element_type=\"widget\" data-e-type=\"widget\" data-settings=\"{&quot;_animation&quot;:&quot;fadeInLeft&quot;,&quot;ekit_we_effect_on&quot;:&quot;none&quot;}\" data-widget_type=\"text-editor.default\">\n\t\t\t\t\t\t\t\t\t<p data-start=\"3969\" data-end=\"4162\">Nouvo demann yo dwe f\u00e8t sou ent\u00e8n\u00e8t atrav\u00e8 sit <a class=\"decorated-link\" href=\"http:\/\/www.fokal.org\" target=\"_new\" rel=\"noopener\" data-start=\"4022\" data-end=\"4035\">www.fokal.org<\/a>, ak yon f\u00f2m ki f\u00e8t espesyalman pou sa. Depi fevriye 2016, FOKAL pa resevwa nouvo demann sou papye ni pa email.<\/p><p data-start=\"4164\" data-end=\"4362\">Sibvansyon ki bay nan kad <em data-start=\"4190\" data-end=\"4212\">Pwoj\u00e8 Matisan an<\/em> pa kons\u00e8ne pa chanjman sa a. Pou plis enf\u00f2masyon sou sibvansyon ki gen rap\u00f2 ak pwoj\u00e8 FOKAL nan Matisan, tanpri kontakte biwo Pak Matisan an:<\/p><ul><li>Tel :<em><strong> 28 13 1695<\/strong><\/em><\/li><li>Email: <em><strong><a href=\"mailto:parcdemartissant@fokal.org\">parcdemartissant@fokal.org<\/a><\/strong><\/em><\/li><\/ul><p data-start=\"4430\" data-end=\"4554\">Pwogram <em data-start=\"4438\" data-end=\"4450\">Bibliyot\u00e8k<\/em> la jere dir\u00e8kteman sibvansyon pou bibliyot\u00e8k ki nan rezo li a epi li pa finanse nouvo bibliyot\u00e8k.<\/p><p data-start=\"4556\" data-end=\"4981\">Dokiman yo mande yo rete menm jan an, men f\u00f2m sou ent\u00e8n\u00e8t la bay plis klate nan demann yo voye bay FOKAL, sa ki rann analiz dosye yo pi rapid ak pi sistematik.<br data-start=\"4713\" data-end=\"4716\" \/>L\u00e8 w ap soum\u00e8t, w ap kapab chwazi nan twa kategori sibvansyon: <strong data-start=\"4785\" data-end=\"4803\">Atizay ak Kilti<\/strong>, <strong data-start=\"4805\" data-end=\"4825\">Sip\u00f2 pou Etid<\/strong>, ak <strong data-start=\"4830\" data-end=\"4848\">L\u00f2t Sibvansyon<\/strong>.<br data-start=\"4849\" data-end=\"4852\" \/>D\u00e8nye kategori a gen ladan sibvansyon pou <em data-start=\"4894\" data-end=\"4911\">Pwogram Medya a<\/em>, ansanm ak aks priyorit\u00e8 yo tankou <em data-start=\"4947\" data-end=\"4957\">Dwa Moun<\/em> ak <em data-start=\"4961\" data-end=\"4978\">Devlopman Dirab<\/em>.<\/p><p data-start=\"4983\" data-end=\"5112\">Li enp\u00f2tan pou konprann byen ke sibvansyon ki pa antre nan t\u00e8m sa yo ap difisil pou komite sibvansyon an pran an konsiderasyon.<\/p><p data-start=\"5114\" data-end=\"5354\">Pou fasilite pwosesis la, genyen titory\u00e8l ki eksplike chak etap nan demann lan. Pou chak kategori, lis dokiman pou soum\u00e8t yo par\u00e8t depi nan k\u00f2mansman pwosesis la. Lis sa a sanble ak sa FOKAL te konn mande anvan pou tout demann li yo.<\/p>\t\t\t\t\t\t\t\t<\/div>\n\t\t\t\t\t<\/div>\n\t\t\t\t<\/div>\n\t\t<div class=\"elementor-element elementor-element-f14a31c e-flex e-con-boxed e-con e-parent\" data-id=\"f14a31c\" data-element_type=\"container\" data-e-type=\"container\">\n\t\t\t\t\t<div class=\"e-con-inner\">\n\t\t\t\t<div class=\"elementor-element elementor-element-adde17e animated-slow at-image-animation at-animation-image-none at-none elementor-invisible elementor-widget elementor-widget-image\" data-id=\"adde17e\" data-element_type=\"widget\" data-e-type=\"widget\" data-settings=\"{&quot;_animation&quot;:&quot;fadeInRight&quot;,&quot;ekit_we_effect_on&quot;:&quot;none&quot;}\" data-widget_type=\"image.default\">\n\t\t\t\t\t\t\t\t\t\t\t\t\t\t\t<img fetchpriority=\"high\" decoding=\"async\" width=\"800\" height=\"533\" src=\"http:\/\/betatest.fokal.org\/wp-content\/uploads\/2025\/06\/07juillet-2.jpg\" class=\"attachment-large size-large wp-image-15039\" alt=\"\" \/>\t\t\t\t\t\t\t\t\t\t\t\t\t\t\t<\/div>\n\t\t\t\t\t<\/div>\n\t\t\t\t<\/div>\n\t\t<div class=\"elementor-element elementor-element-0b17213 e-flex e-con-boxed e-con e-parent\" data-id=\"0b17213\" data-element_type=\"container\" data-e-type=\"container\">\n\t\t\t\t\t<div class=\"e-con-inner\">\n\t\t\t\t<div class=\"elementor-element elementor-element-162262f animated-slow elementor-invisible elementor-widget elementor-widget-text-editor\" data-id=\"162262f\" data-element_type=\"widget\" data-e-type=\"widget\" data-settings=\"{&quot;_animation&quot;:&quot;zoomIn&quot;,&quot;ekit_we_effect_on&quot;:&quot;none&quot;}\" data-widget_type=\"text-editor.default\">\n\t\t\t\t\t\t\t\t\t<h3 data-start=\"5361\" data-end=\"5383\">Pwosesis pou swivi<\/h3><p data-start=\"5385\" data-end=\"5604\">L\u00e8 f\u00f2m lan ranpli epi tout dokiman yo telechaje, ou bezwen klike sou deklarasyon s\u00e8tifikasyon verasite enf\u00f2masyon yo. Apre sa, wap gen pou rantre yon k\u00f2d. L\u00e8 ou klike sou <strong data-start=\"5547\" data-end=\"5559\">\u201c<\/strong>Soum\u00e8t<strong data-start=\"5547\" data-end=\"5559\">\u201d<\/strong>, ou pral resevwa yon email konfimasyon.<\/p><p data-start=\"5606\" data-end=\"5822\">Li enp\u00f2tan pou ou gen yon <strong data-start=\"5632\" data-end=\"5652\">adr\u00e8s email fyab<\/strong> ke ou tcheke regily\u00e8man, paske se sou email sa nap voye tout enf\u00f2masyon sou sibvansyon ou a. Komite sibvansyon yo reyini chak de mwa, kidonk repons lan ka pran 1 a 3 mwa.<\/p><p data-start=\"5824\" data-end=\"5891\"><strong data-start=\"5824\" data-end=\"5832\">N.B.<\/strong> <strong>FOKAL pap resevwa okenn demann pa papye ni pa email.<\/strong><\/p><p data-start=\"5898\" data-end=\"5928\"><strong data-start=\"5902\" data-end=\"5928\">Egzijans Navigat\u00e8:<\/strong><\/p><ul data-start=\"5930\" data-end=\"5992\"><li data-start=\"5930\" data-end=\"5944\"><p data-start=\"5932\" data-end=\"5944\">Firefox 4+<\/p><\/li><li data-start=\"5945\" data-end=\"5959\"><p data-start=\"5947\" data-end=\"5959\">Chrome 80+<\/p><\/li><li data-start=\"5960\" data-end=\"5973\"><p data-start=\"5962\" data-end=\"5973\">Opera 10+<\/p><\/li><li data-start=\"5974\" data-end=\"5992\"><p data-start=\"5976\" data-end=\"5992\">Microsoft Edge<\/p><\/li><\/ul><p data-start=\"5999\" data-end=\"6055\">Si w ap rankontre difikilte, verifye pwen sa yo:<\/p><ol data-start=\"6057\" data-end=\"7055\"><li data-start=\"6057\" data-end=\"6138\"><p data-start=\"6060\" data-end=\"6138\">Asire w navigat\u00e8 w la (Chrome, Internet Explorer, Mozilla oswa Safari) ajou.<\/p><\/li><li data-start=\"6139\" data-end=\"6328\"><p data-start=\"6142\" data-end=\"6236\">\u00c8ske ou te w\u00e8 yon mesaj konfimasyon nan yon kare v\u00e8t anl\u00e8 paj la apre ou fin soum\u00e8t f\u00f2m lan?<\/p><ul data-start=\"6240\" data-end=\"6328\"><li data-start=\"6240\" data-end=\"6291\"><p data-start=\"6242\" data-end=\"6291\">Si wi, verifye dosye SPAM oswa JUNK ou.<\/p><\/li><li data-start=\"6295\" data-end=\"6328\"><p data-start=\"6297\" data-end=\"6328\">Si non, gade pwen ki anba yo:<\/p><\/li><\/ul><\/li><li data-start=\"6329\" data-end=\"6400\"><p data-start=\"6332\" data-end=\"6400\">Asire chak fichye ou telechaje sou platf\u00f2m lan pa depase 3 MB.<\/p><\/li><li data-start=\"6401\" data-end=\"6480\"><p data-start=\"6404\" data-end=\"6480\">Yon ti ent\u00e8ripsyon nan koneksyon ent\u00e8n\u00e8t ou ka anpeche soumisyon dosye a byen f\u00e8t.<\/p><\/li><li data-start=\"6481\" data-end=\"6588\"><p data-start=\"6484\" data-end=\"6588\">Menm si limit la aplike pou chak fichye separeman, si ou gen plizy\u00e8 fichye, tan chajman an ka pi long.<\/p><\/li><li data-start=\"6589\" data-end=\"6716\"><p data-start=\"6592\" data-end=\"6716\">Apre plizy\u00e8 tantativ ak k\u00f2d CAPTCHA a, f\u00e8men navigat\u00e8 a n\u00e8t (Chrome oswa Firefox rek\u00f2mande) epi relanse li pou eseye ank\u00f2.<\/p><\/li><li data-start=\"6717\" data-end=\"6777\"><p data-start=\"6720\" data-end=\"6777\">Koneksyon ki pa estab ka bloke tout pwosesis soumisyon an.<\/p><\/li><li data-start=\"6778\" data-end=\"6888\"><p data-start=\"6781\" data-end=\"6888\">F\u00f2m demann lan gen yon sesyon tan limite, apre 1 \u00e8dtan san aktivite, sesyon an ap f\u00e8men otomatikman.<\/p><\/li><li data-start=\"6889\" data-end=\"7055\"><p data-start=\"6892\" data-end=\"7055\">Menm si limit karakt\u00e8 yo se 1500, eseye limite t\u00e8ks ou a 1300 karakt\u00e8, paske tout espas yo konte. Ou ka toujou telechaje dokiman siplemant\u00e8 si sa neses\u00e8.<\/p><\/li><\/ol><p data-start=\"7057\" data-end=\"7145\">Ou ka toujou kontakte nou sou <a href=\"http:\/\/betatest.fokal.org\/index.php\/kr\/kontak\/\">lyen sa a<\/a> si ou gen kesyon oswa difikilte.<\/p>\t\t\t\t\t\t\t\t<\/div>\n\t\t\t\t\t<\/div>\n\t\t\t\t<\/div>\n\t\t<div class=\"elementor-element elementor-element-82a051e e-flex e-con-boxed e-con e-parent\" data-id=\"82a051e\" data-element_type=\"container\" data-e-type=\"container\">\n\t\t\t\t\t<div class=\"e-con-inner\">\n\t\t\t\t<div class=\"elementor-element elementor-element-1ab3a77 elementor-widget elementor-widget-html\" data-id=\"1ab3a77\" data-element_type=\"widget\" data-e-type=\"widget\" data-settings=\"{&quot;ekit_we_effect_on&quot;:&quot;none&quot;}\" data-widget_type=\"html.default\">\n\t\t\t\t\t<script>\n  document.addEventListener('DOMContentLoaded', function () {\n    const header = document.querySelector('.header-version-1');\n    const trigger = document.querySelector('.page-single-post');\n\n    if (!header || !trigger) return;\n\n    const triggerOffset = trigger.offsetTop;\n\n    window.addEventListener('scroll', function () {\n      if (window.scrollY >= triggerOffset) {\n        header.classList.add('is-sticky');\n      } else {\n        header.classList.remove('is-sticky');\n      }\n    });\n  });\n<\/script>\n\t\t\t\t<\/div>\n\t\t\t\t\t<\/div>\n\t\t\t\t<\/div>\n\t\t\t\t<\/div>\n\t\t","protected":false},"excerpt":{"rendered":"<p>Nouvo demann yo dwe f\u00e8t sou ent\u00e8n\u00e8t atrav\u00e8 sit [&hellip;]<\/p>\n","protected":false},"author":1,"featured_media":0,"parent":0,"menu_order":0,"comment_status":"closed","ping_status":"closed","template":"","meta":{"give_campaign_id":0,"footnotes":""},"class_list":["post-19631","page","type-page","status-publish","hentry"],"campaignId":"","_links":{"self":[{"href":"http:\/\/betatest.fokal.org\/index.php\/wp-json\/wp\/v2\/pages\/19631","targetHints":{"allow":["GET"]}}],"collection":[{"href":"http:\/\/betatest.fokal.org\/index.php\/wp-json\/wp\/v2\/pages"}],"about":[{"href":"http:\/\/betatest.fokal.org\/index.php\/wp-json\/wp\/v2\/types\/page"}],"author":[{"embeddable":true,"href":"http:\/\/betatest.fokal.org\/index.php\/wp-json\/wp\/v2\/users\/1"}],"replies":[{"embeddable":true,"href":"http:\/\/betatest.fokal.org\/index.php\/wp-json\/wp\/v2\/comments?post=19631"}],"version-history":[{"count":4,"href":"http:\/\/betatest.fokal.org\/index.php\/wp-json\/wp\/v2\/pages\/19631\/revisions"}],"predecessor-version":[{"id":19642,"href":"http:\/\/betatest.fokal.org\/index.php\/wp-json\/wp\/v2\/pages\/19631\/revisions\/19642"}],"wp:attachment":[{"href":"http:\/\/betatest.fokal.org\/index.php\/wp-json\/wp\/v2\/media?parent=19631"}],"curies":[{"name":"wp","href":"https:\/\/api.w.org\/{rel}","templated":true}]}}