{"id":19243,"date":"2025-07-22T14:23:32","date_gmt":"2025-07-22T14:23:32","guid":{"rendered":"http:\/\/betatest.fokal.org\/?page_id=19243"},"modified":"2025-10-20T17:34:14","modified_gmt":"2025-10-20T17:34:14","slug":"subvention","status":"publish","type":"page","link":"http:\/\/betatest.fokal.org\/index.php\/subvention\/","title":{"rendered":"Subventions"},"content":{"rendered":"\t\t<div data-elementor-type=\"wp-page\" data-elementor-id=\"19243\" class=\"elementor elementor-19243\">\n\t\t\t\t<div class=\"elementor-element elementor-element-c69731e e-flex e-con-boxed e-con e-parent\" data-id=\"c69731e\" data-element_type=\"container\" data-e-type=\"container\">\n\t\t\t\t\t<div class=\"e-con-inner\">\n\t\t\t\t<div class=\"elementor-element elementor-element-bcac128 animated-slow elementor-invisible elementor-widget elementor-widget-text-editor\" data-id=\"bcac128\" data-element_type=\"widget\" data-e-type=\"widget\" data-settings=\"{&quot;_animation&quot;:&quot;fadeInLeft&quot;,&quot;ekit_we_effect_on&quot;:&quot;none&quot;}\" data-widget_type=\"text-editor.default\">\n\t\t\t\t\t\t\t\t\t<p>Les nouvelles demandes se feront en ligne \u00e0 partir du site internet\u00a0<a href=\"http:\/\/www.fokal.org\/\">www.fokal.org<\/a>, par un formulaire d\u00e9di\u00e9. FOKAL ne re\u00e7oit plus de nouvelles demandes papier ou par email, depuis f\u00e9vrier 2016.<\/p><p>Les subventions attribu\u00e9es dans le cadre du projet de Martissant ne sont pas concern\u00e9es. Pour obtenir des informations sur les subventions li\u00e9es au projet de FOKAL \u00e0 Martissant, merci de vous renseigner au bureau du parc de Martissant:<\/p><ul><li>Tel :<em><strong> 28 13 1695<\/strong><\/em><\/li><li>Email: <em><strong><a href=\"mailto:parcdemartissant@fokal.org\">parcdemartissant@fokal.org<\/a><\/strong><\/em><\/li><\/ul><div><span style=\"font-size: 18px;\"><i>\u00a0<\/i><\/span><\/div><div><p>Le programme Biblioth\u00e8que g\u00e8re directement les subventions aux biblioth\u00e8ques de son r\u00e9seau et ne finance pas de nouvelles biblioth\u00e8ques.<\/p><p>Les documents exig\u00e9s sont les m\u00eames mais le formulaire en ligne permet une plus grande clart\u00e9 dans les demandes envoy\u00e9es \u00e0 FOKAL, ce qui rendra l\u2019analyse des dossiers plus rapide et syst\u00e9matique. Il sera possible de choisir trois cat\u00e9gories de subvention :\u00a0<strong>Art et Culture ,\u00a0<\/strong><strong>Appui aux \u00e9tudes ,\u00a0<\/strong><strong>Autres subventions.\u00a0\u00a0<\/strong>Cette derni\u00e8re cat\u00e9gorie regroupe les subventions concernant le programme Media, ainsi que les axes prioritaires que sont les droits humains et le d\u00e9veloppement durable.<\/p><p>Il est important de bien comprendre que les subventions qui sont en dehors des th\u00e8mes pr\u00e9sent\u00e9s seront difficilement prises en compte par le comit\u00e9 de subvention.\u00a0\u00a0\u00a0\u00a0\u00a0\u00a0\u00a0\u00a0\u00a0\u00a0\u00a0\u00a0<\/p><p>Afin de faciliter la soumission de la demande, un tutoriel explique chaque \u00e9tape de la demande. Aussi pour chaque cat\u00e9gorie, la liste des documents \u00e0 soumettre est pr\u00e9sent\u00e9e au d\u00e9but du processus. Cette liste est similaire \u00e0 celle que FOKAL demandait auparavant pour toutes ses demandes.<\/p><h3>\u00a0<\/h3><\/div>\t\t\t\t\t\t\t\t<\/div>\n\t\t\t\t\t<\/div>\n\t\t\t\t<\/div>\n\t\t<div class=\"elementor-element elementor-element-f14a31c e-flex e-con-boxed e-con e-parent\" data-id=\"f14a31c\" data-element_type=\"container\" data-e-type=\"container\">\n\t\t\t\t\t<div class=\"e-con-inner\">\n\t\t\t\t<div class=\"elementor-element elementor-element-adde17e animated-slow at-image-animation at-animation-image-none at-none elementor-invisible elementor-widget elementor-widget-image\" data-id=\"adde17e\" data-element_type=\"widget\" data-e-type=\"widget\" data-settings=\"{&quot;_animation&quot;:&quot;fadeInRight&quot;,&quot;ekit_we_effect_on&quot;:&quot;none&quot;}\" data-widget_type=\"image.default\">\n\t\t\t\t\t\t\t\t\t\t\t\t\t\t\t<img fetchpriority=\"high\" decoding=\"async\" width=\"800\" height=\"533\" src=\"http:\/\/betatest.fokal.org\/wp-content\/uploads\/2025\/06\/07juillet-2.jpg\" class=\"attachment-large size-large wp-image-15039\" alt=\"\" \/>\t\t\t\t\t\t\t\t\t\t\t\t\t\t\t<\/div>\n\t\t\t\t\t<\/div>\n\t\t\t\t<\/div>\n\t\t<div class=\"elementor-element elementor-element-0b17213 e-flex e-con-boxed e-con e-parent\" data-id=\"0b17213\" data-element_type=\"container\" data-e-type=\"container\">\n\t\t\t\t\t<div class=\"e-con-inner\">\n\t\t\t\t<div class=\"elementor-element elementor-element-162262f animated-slow elementor-invisible elementor-widget elementor-widget-text-editor\" data-id=\"162262f\" data-element_type=\"widget\" data-e-type=\"widget\" data-settings=\"{&quot;_animation&quot;:&quot;zoomIn&quot;,&quot;ekit_we_effect_on&quot;:&quot;none&quot;}\" data-widget_type=\"text-editor.default\">\n\t\t\t\t\t\t\t\t\t<h3>Processus de suivi<\/h3><p>Une fois que le formulaire est rempli et que les documents \u00e0 fournir sont t\u00e9l\u00e9charg\u00e9s, il suffira de cliquer sur l\u2019attestation d\u2019exactitude des informations fournis. Puis il faudra taper un code al\u00e9atoire. Une fois que vous avez cliqu\u00e9 sur \u00ab Soumettre \u00bb vous recevrez un email de confirmation. Il est important d\u2019avoir\u00a0<strong>une adresse \u00e9lectronique fiable<\/strong>, que vous consultez r\u00e9guli\u00e8rement car les informations sur votre subvention se feront prioritairement par email. Les comit\u00e9s de subvention se r\u00e9unissant tous les deux mois, la r\u00e9ponse \u00e0 votre demande prendra entre 1 \u00e0 3 mois.\u00a0<\/p><p><strong>N.B. FOKAL ne recevra plus de demandes papier ou par email.<\/strong><\/p><p><strong>Exigences du navigateur:<\/strong><\/p><ul><li>Firefox 4+<\/li><li>Chrome 80+<\/li><li>Opera 10+<\/li><li>Microsoft Edge<\/li><\/ul><p>Si vous avez des difficult\u00e9s, merci de v\u00e9rifier les points suivants :<\/p><p><strong>Pensez \u00e0 mettre votre navigateur (Chrome, internet explorer, Mozilla ou Safari) \u00e0 jour.<\/strong><\/p><p>Aviez-vous remarqu\u00e9 un message de confirmation dans un canevas vert, (tout en haut de la page) une fois le formulaire soumis ?<\/p><p>si oui , veuillez v\u00e9rifier votre dossier SPAM ou JUNK mail; si non , veuillez v\u00e9rifier les diff\u00e9rents points ci-dessous :<\/p><p>1.- V\u00e9rifiez \u00e0 ce que chaque fichier t\u00e9l\u00e9charg\u00e9 (Upload) vers notre plateforme ne d\u00e9passe pas trois (3) Mb Megabyte.<\/p><p>2.- Il est possible qu&#8217;une br\u00e8ve interruption de votre connexion puisse perturber la soumission.<\/p><p>3.- Bien que la limite de restriction est applicable \u00e0 un fichier distinct et non l&#8217;ensemble des fichiers, si vous avez plusieurs fichiers, notez que le temps de t\u00e9l\u00e9chargement sera un petit peu plus \u00e9lev\u00e9.<\/p><p>4.- Apr\u00e8s plusieurs tentatives avec le code captcha, veuillez fermer compl\u00e8tement le navigateur (Chrome ou Firefox, nous vous conseille ces deux) et relancer le navigateur pour essayer de soumettre \u00e0 nouveau.<\/p><p>5.- Certaines connections instables peuvent entraver tout le processus de soumission de la demande.<\/p><p>6.-Le remplissage du formulaire de demande poss\u00e8de une session, or toute session sera ferm\u00e9e apr\u00e8s une p\u00e9riode d&#8217;inactivit\u00e9, par exemple une (1) heure de temps.<\/p><p>7.- M\u00eame si la limite de caract\u00e8res est de 1500, essayez de limiter votre texte \u00e0 1300 caract\u00e8res car tous les espaces sont compt\u00e9s. Vous pouvez toujours t\u00e9l\u00e9charger des compl\u00e9ments d\u2019information que vous jugez n\u00e9cessaire.<\/p><p>Vous pouvez toujours nous contacter en cliquant sur\u00a0<a href=\"http:\/\/betatest.fokal.org\/index.php\/nous-contacter\/\">ce lien<\/a>\u00a0si vous avez des questions ou des difficult\u00e9s.<\/p>\t\t\t\t\t\t\t\t<\/div>\n\t\t\t\t\t<\/div>\n\t\t\t\t<\/div>\n\t\t<div class=\"elementor-element elementor-element-82a051e e-flex e-con-boxed e-con e-parent\" data-id=\"82a051e\" data-element_type=\"container\" data-e-type=\"container\">\n\t\t\t\t\t<div class=\"e-con-inner\">\n\t\t\t\t<div class=\"elementor-element elementor-element-1ab3a77 elementor-widget elementor-widget-html\" data-id=\"1ab3a77\" data-element_type=\"widget\" data-e-type=\"widget\" data-settings=\"{&quot;ekit_we_effect_on&quot;:&quot;none&quot;}\" data-widget_type=\"html.default\">\n\t\t\t\t\t<script>\n  document.addEventListener('DOMContentLoaded', function () {\n    const header = document.querySelector('.header-version-1');\n    const trigger = document.querySelector('.page-single-post');\n\n    if (!header || !trigger) return;\n\n    const triggerOffset = trigger.offsetTop;\n\n    window.addEventListener('scroll', function () {\n      if (window.scrollY >= triggerOffset) {\n        header.classList.add('is-sticky');\n      } else {\n        header.classList.remove('is-sticky');\n      }\n    });\n  });\n<\/script>\n\t\t\t\t<\/div>\n\t\t\t\t\t<\/div>\n\t\t\t\t<\/div>\n\t\t\t\t<\/div>\n\t\t","protected":false},"excerpt":{"rendered":"<p>Les nouvelles demandes se feront en ligne \u00e0 partir [&hellip;]<\/p>\n","protected":false},"author":1,"featured_media":0,"parent":0,"menu_order":0,"comment_status":"closed","ping_status":"closed","template":"","meta":{"give_campaign_id":0,"footnotes":""},"class_list":["post-19243","page","type-page","status-publish","hentry"],"campaignId":"","_links":{"self":[{"href":"http:\/\/betatest.fokal.org\/index.php\/wp-json\/wp\/v2\/pages\/19243","targetHints":{"allow":["GET"]}}],"collection":[{"href":"http:\/\/betatest.fokal.org\/index.php\/wp-json\/wp\/v2\/pages"}],"about":[{"href":"http:\/\/betatest.fokal.org\/index.php\/wp-json\/wp\/v2\/types\/page"}],"author":[{"embeddable":true,"href":"http:\/\/betatest.fokal.org\/index.php\/wp-json\/wp\/v2\/users\/1"}],"replies":[{"embeddable":true,"href":"http:\/\/betatest.fokal.org\/index.php\/wp-json\/wp\/v2\/comments?post=19243"}],"version-history":[{"count":11,"href":"http:\/\/betatest.fokal.org\/index.php\/wp-json\/wp\/v2\/pages\/19243\/revisions"}],"predecessor-version":[{"id":19754,"href":"http:\/\/betatest.fokal.org\/index.php\/wp-json\/wp\/v2\/pages\/19243\/revisions\/19754"}],"wp:attachment":[{"href":"http:\/\/betatest.fokal.org\/index.php\/wp-json\/wp\/v2\/media?parent=19243"}],"curies":[{"name":"wp","href":"https:\/\/api.w.org\/{rel}","templated":true}]}}