{"id":16362,"date":"2025-06-27T19:17:30","date_gmt":"2025-06-27T19:17:30","guid":{"rendered":"http:\/\/ec2-54-86-215-170.compute-1.amazonaws.com\/?page_id=16362"},"modified":"2025-07-02T15:00:50","modified_gmt":"2025-07-02T15:00:50","slug":"ayiti-demen-kr","status":"publish","type":"page","link":"http:\/\/betatest.fokal.org\/index.php\/kr\/ayiti-demen-kr\/","title":{"rendered":"Ayiti Demen-kr"},"content":{"rendered":"\t\t<div data-elementor-type=\"wp-page\" data-elementor-id=\"16362\" class=\"elementor elementor-16362\">\n\t\t\t\t<div class=\"elementor-element elementor-element-0077b98 hero-bg e-flex e-con-boxed e-con e-parent\" data-id=\"0077b98\" data-element_type=\"container\" data-e-type=\"container\" data-settings=\"{&quot;background_background&quot;:&quot;video&quot;,&quot;background_video_link&quot;:&quot;https:\\\/\\\/youtu.be\\\/byH1Eddsb2c?si=Ka-mtF3cgYvsbK6O&amp;t=65&quot;,&quot;background_play_on_mobile&quot;:&quot;yes&quot;,&quot;background_video_end&quot;:120}\">\n\t\t\t\t\t<div class=\"e-con-inner\">\n\t\t<div class=\"elementor-background-video-container\">\n\t\t\t\t\t\t\t<div class=\"elementor-background-video-embed\" role=\"presentation\"><\/div>\n\t\t\t\t\t\t<\/div><div class=\"elementor-element elementor-element-5ae453a e-con-full e-flex e-con e-child\" data-id=\"5ae453a\" data-element_type=\"container\" data-e-type=\"container\">\n\t\t\t\t<div class=\"elementor-element elementor-element-4a056b6 at-heading-animation at-animation-heading-none elementor-widget elementor-widget-heading\" data-id=\"4a056b6\" data-element_type=\"widget\" data-e-type=\"widget\" data-settings=\"{&quot;ekit_we_effect_on&quot;:&quot;none&quot;}\" data-widget_type=\"heading.default\">\n\t\t\t\t\t<h2 class=\"elementor-heading-title elementor-size-default\">AYITI DEMEN<\/h2>\t\t\t\t<\/div>\n\t\t\t\t<\/div>\n\t\t\t\t<div class=\"elementor-element elementor-element-f49e3d5 elementor-widget elementor-widget-text-editor\" data-id=\"f49e3d5\" data-element_type=\"widget\" data-e-type=\"widget\" data-settings=\"{&quot;ekit_we_effect_on&quot;:&quot;none&quot;}\" data-widget_type=\"text-editor.default\">\n\t\t\t\t\t\t\t\t\t<p>Ayiti Demen se yon \u00f2ganizasyon san objektif f\u00e8 pwofi ki dedye nan travay pou amelyore kalite lavi an Ayiti atrav\u00e8 soutyen li pote bay kominite lokal yo atrav\u00e8 filantw\u00f2pi.<\/p>\t\t\t\t\t\t\t\t<\/div>\n\t\t<div class=\"elementor-element elementor-element-93a65cb e-con-full e-flex e-con e-child\" data-id=\"93a65cb\" data-element_type=\"container\" data-e-type=\"container\">\n\t\t\t\t<div class=\"elementor-element elementor-element-deb014a elementor-widget elementor-widget-spacer\" data-id=\"deb014a\" data-element_type=\"widget\" data-e-type=\"widget\" data-settings=\"{&quot;ekit_we_effect_on&quot;:&quot;none&quot;}\" data-widget_type=\"spacer.default\">\n\t\t\t\t\t\t\t<div class=\"elementor-spacer\">\n\t\t\t<div class=\"elementor-spacer-inner\"><\/div>\n\t\t<\/div>\n\t\t\t\t\t\t<\/div>\n\t\t\t\t<\/div>\n\t\t<div class=\"elementor-element elementor-element-cff8294 e-con-full e-flex e-con e-child\" data-id=\"cff8294\" data-element_type=\"container\" data-e-type=\"container\">\n\t\t\t\t<div class=\"elementor-element elementor-element-e739299 elementor-widget elementor-widget-button\" data-id=\"e739299\" data-element_type=\"widget\" data-e-type=\"widget\" data-settings=\"{&quot;ekit_we_effect_on&quot;:&quot;none&quot;}\" data-widget_type=\"button.default\">\n\t\t\t\t\t\t\t\t\t\t<a class=\"elementor-button elementor-button-link elementor-size-sm\" href=\"https:\/\/ademen.org\/donate\/\">\n\t\t\t\t\t\t<span class=\"elementor-button-content-wrapper\">\n\t\t\t\t\t\t\t\t\t<span class=\"elementor-button-text\">F\u00e8 yon don<\/span>\n\t\t\t\t\t<\/span>\n\t\t\t\t\t<\/a>\n\t\t\t\t\t\t\t\t<\/div>\n\t\t\t\t<div class=\"elementor-element elementor-element-a14bb92 elementor-widget elementor-widget-button\" data-id=\"a14bb92\" data-element_type=\"widget\" data-e-type=\"widget\" data-settings=\"{&quot;ekit_we_effect_on&quot;:&quot;none&quot;}\" data-widget_type=\"button.default\">\n\t\t\t\t\t\t\t\t\t\t<a class=\"elementor-button elementor-button-link elementor-size-sm\" href=\"https:\/\/ademen.org\/\">\n\t\t\t\t\t\t<span class=\"elementor-button-content-wrapper\">\n\t\t\t\t\t\t\t\t\t<span class=\"elementor-button-text\">Li plis...<\/span>\n\t\t\t\t\t<\/span>\n\t\t\t\t\t<\/a>\n\t\t\t\t\t\t\t\t<\/div>\n\t\t\t\t<\/div>\n\t\t<div class=\"elementor-element elementor-element-d7f754f e-con-full e-flex e-con e-child\" data-id=\"d7f754f\" data-element_type=\"container\" data-e-type=\"container\">\n\t\t<div class=\"elementor-element elementor-element-bd1a189 e-grid e-con-full e-con e-child\" data-id=\"bd1a189\" data-element_type=\"container\" data-e-type=\"container\">\n\t\t\t\t<div class=\"elementor-element elementor-element-0ed6b03 elementor-widget elementor-widget-text-editor\" data-id=\"0ed6b03\" data-element_type=\"widget\" data-e-type=\"widget\" data-settings=\"{&quot;ekit_we_effect_on&quot;:&quot;none&quot;}\" data-widget_type=\"text-editor.default\">\n\t\t\t\t\t\t\t\t\t<p>Adr\u00e8s :<\/p><div class=\"sppb-addon-text\"><p>28 Bethune Street New York, NY 10014 USA<\/p><p>Email: <a href=\"mailto:info@ademen.org\">info@ademen.org<\/a><\/p><\/div>\t\t\t\t\t\t\t\t<\/div>\n\t\t\t\t<div class=\"elementor-element elementor-element-dee7675 elementor-widget elementor-widget-text-editor\" data-id=\"dee7675\" data-element_type=\"widget\" data-e-type=\"widget\" data-settings=\"{&quot;ekit_we_effect_on&quot;:&quot;none&quot;}\" data-widget_type=\"text-editor.default\">\n\t\t\t\t\t\t\t\t\t<p>Telef<span class=\"BxUVEf ILfuVd\" lang=\"en\"><span class=\"hgKElc\">\u00f2<\/span><\/span>n:<\/p><p>+1 347 506 1158 | +1 347 352 1955<\/p>\t\t\t\t\t\t\t\t<\/div>\n\t\t\t\t<div class=\"elementor-element elementor-element-67dda67 elementor-widget elementor-widget-text-editor\" data-id=\"67dda67\" data-element_type=\"widget\" data-e-type=\"widget\" data-settings=\"{&quot;ekit_we_effect_on&quot;:&quot;none&quot;}\" data-widget_type=\"text-editor.default\">\n\t\t\t\t\t\t\t\t\t<p>Youtube:<\/p><p><a href=\"https:\/\/fokal.org\/www.youtube.com\/@ayititomorrow\" target=\"_blank\" rel=\"noopener\">www.youtube.com\/@ayititomorrow<\/a><\/p>\t\t\t\t\t\t\t\t<\/div>\n\t\t\t\t<\/div>\n\t\t\t\t<\/div>\n\t\t\t\t\t<\/div>\n\t\t\t\t<\/div>\n\t\t<div class=\"elementor-element elementor-element-fd47f87 e-flex e-con-boxed e-con e-parent\" data-id=\"fd47f87\" data-element_type=\"container\" data-e-type=\"container\">\n\t\t\t\t\t<div class=\"e-con-inner\">\n\t\t<div class=\"elementor-element elementor-element-6956058 e-con-full e-flex e-con e-child\" data-id=\"6956058\" data-element_type=\"container\" data-e-type=\"container\">\n\t\t\t\t<div class=\"elementor-element elementor-element-c62ab74 at-heading-animation at-animation-heading-style-2 elementor-widget elementor-widget-heading\" data-id=\"c62ab74\" data-element_type=\"widget\" data-e-type=\"widget\" data-settings=\"{&quot;ekit_we_effect_on&quot;:&quot;none&quot;}\" data-widget_type=\"heading.default\">\n\t\t\t\t\t<h2 class=\"elementor-heading-title elementor-size-default\">Apwopo<br>de Ayiti Demen<\/h2>\t\t\t\t<\/div>\n\t\t<div class=\"elementor-element elementor-element-d9870e2 e-con-full e-flex e-con e-child\" data-id=\"d9870e2\" data-element_type=\"container\" data-e-type=\"container\">\n\t\t\t\t<div class=\"elementor-element elementor-element-6085cb3 elementor-widget elementor-widget-text-editor\" data-id=\"6085cb3\" data-element_type=\"widget\" data-e-type=\"widget\" data-settings=\"{&quot;ekit_we_effect_on&quot;:&quot;none&quot;}\" data-widget_type=\"text-editor.default\">\n\t\t\t\t\t\t\t\t\t<div id=\"sppb-addon-wrapper-1584960543359\" class=\"sppb-addon-wrapper addon-root-heading\"><div id=\"sppb-addon-1584960543359\" class=\"clearfix sppb-wow fadeInRight sppb-positioned-addon sppb-animated\" data-sppb-wow-duration=\"300ms\" data-sppb-wow-delay=\"300ms\" data-col-zindex=\"2\" data-rowid=\"1584946492369\" data-colid=\"1584946492368\"><div class=\"sppb-addon sppb-addon-header\"><h1 class=\"sppb-addon-title\">\u00a0<\/h1><\/div><\/div><\/div><div id=\"sppb-addon-wrapper-1584960613698\" class=\"sppb-addon-wrapper addon-root-text-block\"><div id=\"sppb-addon-1584960613698\" class=\"clearfix sppb-wow fadeInRight sppb-positioned-addon sppb-animated\" data-sppb-wow-duration=\"400ms\" data-sppb-wow-delay=\"400ms\" data-col-zindex=\"2\" data-rowid=\"1584946492369\" data-colid=\"1584946492368\"><div class=\"sppb-addon sppb-addon-text-block \"><div class=\"sppb-addon-content\"><p><strong>Listwa nou<\/strong><\/p><p>Anvan yo te konnen sou non &#8220;Friends of FOKAL&#8221;, Ayiti Demen te fonde nan lane 2007 pou sip\u00f2te aktivite Fondasyon pou Konesans ak Lib\u00e8te (FOKAL), yon fondasyon prive ayisyen ki gen plizy\u00e8 lane. Pandan ke pwobl\u00e8m sosyal ak ekonomik yo te ogmante an Ayiti atrav\u00e8 ane yo, misyon nou te k\u00f2manse ogmante pi plis ke bezwen finansye FOKAL.\u00a0 Anpil j\u00e8n dekouraje pou mank op\u00f2tinite pou yo rive realize r\u00e8v yo ak kontribye nan kominote yo ; atis yo vin difisil pou kreye epi paka viv ak z\u00e8v yo kreye ; agrikilt\u00e8 ak pwodikt\u00e8 paka pwodui ak\u00f2z chanjman klimatik ak katastw\u00f2f natir\u00e8l. Nou ab\u00f2de kesyon sa yo seriyezman ak anpil l\u00f2t ank\u00f2&#8230;..<a href=\"https:\/\/ademen.org\/\">Li plis<\/a><\/p><\/div><\/div><\/div><\/div>\t\t\t\t\t\t\t\t<\/div>\n\t\t\t\t<\/div>\n\t\t\t\t<\/div>\n\t\t<div class=\"elementor-element elementor-element-b0e2381 e-con-full e-flex e-con e-child\" data-id=\"b0e2381\" data-element_type=\"container\" data-e-type=\"container\">\n\t\t\t\t<div class=\"elementor-element elementor-element-5ca514c what-we-do-img-1 at-image-animation at-animation-image-style-1 at-shiny-glass-effect elementor-widget elementor-widget-image\" data-id=\"5ca514c\" data-element_type=\"widget\" data-e-type=\"widget\" data-settings=\"{&quot;ekit_we_effect_on&quot;:&quot;none&quot;}\" data-widget_type=\"image.default\">\n\t\t\t\t\t\t\t\t\t\t\t\t\t\t\t<img fetchpriority=\"high\" decoding=\"async\" width=\"1585\" height=\"1282\" src=\"http:\/\/betatest.fokal.org\/wp-content\/uploads\/2025\/06\/ayitid.png\" class=\"attachment-full size-full wp-image-14969\" alt=\"\" \/>\t\t\t\t\t\t\t\t\t\t\t\t\t\t\t<\/div>\n\t\t\t\t<\/div>\n\t\t<div class=\"elementor-element elementor-element-e64f9dc e-con-full e-flex e-con e-child\" data-id=\"e64f9dc\" data-element_type=\"container\" data-e-type=\"container\">\n\t\t\t\t<\/div>\n\t\t\t\t\t<\/div>\n\t\t\t\t<\/div>\n\t\t<div class=\"elementor-element elementor-element-2db2e63 e-flex e-con-boxed e-con e-parent\" data-id=\"2db2e63\" data-element_type=\"container\" data-e-type=\"container\">\n\t\t\t\t\t<div class=\"e-con-inner\">\n\t\t\t\t<div class=\"elementor-element elementor-element-8777489 elementor-widget elementor-widget-html\" data-id=\"8777489\" data-element_type=\"widget\" data-e-type=\"widget\" data-settings=\"{&quot;ekit_we_effect_on&quot;:&quot;none&quot;}\" data-widget_type=\"html.default\">\n\t\t\t\t\t<script>\n  document.addEventListener('DOMContentLoaded', function () {\n    const header = document.querySelector('.header-version-1');\n    const trigger = document.querySelector('.elementor-element-fd47f87');\n\n    if (!header || !trigger) return;\n\n    const triggerOffset = trigger.offsetTop;\n\n    window.addEventListener('scroll', function () {\n      if (window.scrollY >= triggerOffset) {\n        header.classList.add('is-sticky');\n      } else {\n        header.classList.remove('is-sticky');\n      }\n    });\n  });\n<\/script>\n\t\t\t\t<\/div>\n\t\t\t\t\t<\/div>\n\t\t\t\t<\/div>\n\t\t\t\t<\/div>\n\t\t","protected":false},"excerpt":{"rendered":"<p>AYITI DEMEN Ayiti Demen se yon \u00f2ganizasyon san objektif [&hellip;]<\/p>\n","protected":false},"author":1,"featured_media":0,"parent":0,"menu_order":0,"comment_status":"closed","ping_status":"closed","template":"elementor_header_footer","meta":{"give_campaign_id":0,"footnotes":""},"class_list":["post-16362","page","type-page","status-publish","hentry"],"campaignId":"","_links":{"self":[{"href":"http:\/\/betatest.fokal.org\/index.php\/wp-json\/wp\/v2\/pages\/16362","targetHints":{"allow":["GET"]}}],"collection":[{"href":"http:\/\/betatest.fokal.org\/index.php\/wp-json\/wp\/v2\/pages"}],"about":[{"href":"http:\/\/betatest.fokal.org\/index.php\/wp-json\/wp\/v2\/types\/page"}],"author":[{"embeddable":true,"href":"http:\/\/betatest.fokal.org\/index.php\/wp-json\/wp\/v2\/users\/1"}],"replies":[{"embeddable":true,"href":"http:\/\/betatest.fokal.org\/index.php\/wp-json\/wp\/v2\/comments?post=16362"}],"version-history":[{"count":10,"href":"http:\/\/betatest.fokal.org\/index.php\/wp-json\/wp\/v2\/pages\/16362\/revisions"}],"predecessor-version":[{"id":16544,"href":"http:\/\/betatest.fokal.org\/index.php\/wp-json\/wp\/v2\/pages\/16362\/revisions\/16544"}],"wp:attachment":[{"href":"http:\/\/betatest.fokal.org\/index.php\/wp-json\/wp\/v2\/media?parent=16362"}],"curies":[{"name":"wp","href":"https:\/\/api.w.org\/{rel}","templated":true}]}}