{"id":14928,"date":"2025-06-16T14:03:33","date_gmt":"2025-06-16T14:03:33","guid":{"rendered":"http:\/\/ec2-54-86-215-170.compute-1.amazonaws.com\/?page_id=14928"},"modified":"2025-10-16T15:41:17","modified_gmt":"2025-10-16T15:41:17","slug":"membres-du-conseil-dadministration","status":"publish","type":"page","link":"http:\/\/betatest.fokal.org\/index.php\/membres-du-conseil-dadministration\/","title":{"rendered":"Membres du conseil d&#8217;administration"},"content":{"rendered":"\t\t<div data-elementor-type=\"wp-page\" data-elementor-id=\"14928\" class=\"elementor elementor-14928\">\n\t\t\t\t<div class=\"elementor-element elementor-element-c3ddca1 e-flex e-con-boxed e-con e-parent\" data-id=\"c3ddca1\" data-element_type=\"container\" data-e-type=\"container\">\n\t\t\t\t\t<div class=\"e-con-inner\">\n\t\t\t\t<div class=\"elementor-element elementor-element-8e32a5b at-heading-animation at-animation-heading-none elementor-widget elementor-widget-heading\" data-id=\"8e32a5b\" data-element_type=\"widget\" data-e-type=\"widget\" id=\"membre-maxime\" data-settings=\"{&quot;ekit_we_effect_on&quot;:&quot;none&quot;}\" data-widget_type=\"heading.default\">\n\t\t\t\t\t<h2 class=\"elementor-heading-title elementor-size-default\">Maxime D. Charles, Pr\u00e9sident<\/h2>\t\t\t\t<\/div>\n\t\t\t\t\t<\/div>\n\t\t\t\t<\/div>\n\t\t<div class=\"elementor-element elementor-element-d5f7f04 e-flex e-con-boxed e-con e-parent\" data-id=\"d5f7f04\" data-element_type=\"container\" data-e-type=\"container\">\n\t\t\t\t\t<div class=\"e-con-inner\">\n\t\t<div class=\"elementor-element elementor-element-258e7ab e-con-full e-flex e-con e-child\" data-id=\"258e7ab\" data-element_type=\"container\" data-e-type=\"container\">\n\t\t\t\t<div class=\"elementor-element elementor-element-a2e176b at-image-animation at-animation-image-none at-none elementor-widget elementor-widget-image\" data-id=\"a2e176b\" data-element_type=\"widget\" data-e-type=\"widget\" data-settings=\"{&quot;ekit_we_effect_on&quot;:&quot;none&quot;}\" data-widget_type=\"image.default\">\n\t\t\t\t\t\t\t\t\t\t\t\t\t\t\t<img fetchpriority=\"high\" decoding=\"async\" width=\"269\" height=\"229\" src=\"http:\/\/betatest.fokal.org\/wp-content\/uploads\/2025\/06\/maxime.png\" class=\"attachment-large size-large wp-image-14803\" alt=\"\" \/>\t\t\t\t\t\t\t\t\t\t\t\t\t\t\t<\/div>\n\t\t\t\t<\/div>\n\t\t<div class=\"elementor-element elementor-element-740af4d e-con-full e-flex e-con e-child\" data-id=\"740af4d\" data-element_type=\"container\" data-e-type=\"container\">\n\t\t\t\t<div class=\"elementor-element elementor-element-5ff596c elementor-widget elementor-widget-text-editor\" data-id=\"5ff596c\" data-element_type=\"widget\" data-e-type=\"widget\" data-settings=\"{&quot;ekit_we_effect_on&quot;:&quot;none&quot;}\" data-widget_type=\"text-editor.default\">\n\t\t\t\t\t\t\t\t\t<p>Ancien PDG de la Banque Nova Scotia en Ha\u00efti. Sa carri\u00e8re juridique et financi\u00e8re comprend l&#8217;enseignement du droit international de 1985 \u00e0 1991 \u00e0 l&#8217;Universit\u00e9 publique d&#8217;Ha\u00efti et l&#8217;ex\u00e9cution de missions internationales au Canada et dans les Cara\u00efbes pour la Banque de Nouvelle-\u00c9cosse de 1992 \u00e0 1996. M. Charles est actif dans un certain nombre de domaines professionnels et organisations de la soci\u00e9t\u00e9 civile, si\u00e9geant en tant que membre du conseil d&#8217;administration du Tribunal d&#8217;arbitrage de la Chambre de commerce d&#8217;Ha\u00efti et en tant que pr\u00e9sident du Comit\u00e9 de lutte contre le blanchiment d&#8217;argent et de l&#8217;Association des banquiers professionnels. Il a utilis\u00e9 sa position au sein du comit\u00e9 de blanchiment d\u2019argent et de l\u2019association des banquiers pour rassembler ces groupes et poursuivre la r\u00e9forme juridique. M. Charles est titulaire d&#8217;une Licence de l&#8217;Universit\u00e9 publique d&#8217;Ha\u00efti et d\u2019un Master de la Facult\u00e9 de droit de l&#8217;Universit\u00e9 de Provence en France.<\/p>\t\t\t\t\t\t\t\t<\/div>\n\t\t\t\t<\/div>\n\t\t\t\t\t<\/div>\n\t\t\t\t<\/div>\n\t\t<div class=\"elementor-element elementor-element-384159f e-flex e-con-boxed e-con e-parent\" data-id=\"384159f\" data-element_type=\"container\" data-e-type=\"container\">\n\t\t\t\t\t<div class=\"e-con-inner\">\n\t\t\t\t<div class=\"elementor-element elementor-element-f8cf13c elementor-widget elementor-widget-spacer\" data-id=\"f8cf13c\" data-element_type=\"widget\" data-e-type=\"widget\" data-settings=\"{&quot;ekit_we_effect_on&quot;:&quot;none&quot;}\" data-widget_type=\"spacer.default\">\n\t\t\t\t\t\t\t<div class=\"elementor-spacer\">\n\t\t\t<div class=\"elementor-spacer-inner\"><\/div>\n\t\t<\/div>\n\t\t\t\t\t\t<\/div>\n\t\t\t\t\t<\/div>\n\t\t\t\t<\/div>\n\t\t<div class=\"elementor-element elementor-element-aff20de e-flex e-con-boxed e-con e-parent\" data-id=\"aff20de\" data-element_type=\"container\" data-e-type=\"container\">\n\t\t\t\t\t<div class=\"e-con-inner\">\n\t\t\t\t<div class=\"elementor-element elementor-element-279cb54 at-heading-animation at-animation-heading-none elementor-widget elementor-widget-heading\" data-id=\"279cb54\" data-element_type=\"widget\" data-e-type=\"widget\" id=\"membre-daniele\" data-settings=\"{&quot;ekit_we_effect_on&quot;:&quot;none&quot;}\" data-widget_type=\"heading.default\">\n\t\t\t\t\t<h2 class=\"elementor-heading-title elementor-size-default\">Daniele Magloire, Vice-Pr\u00e9sidente<\/h2>\t\t\t\t<\/div>\n\t\t\t\t\t<\/div>\n\t\t\t\t<\/div>\n\t\t<div class=\"elementor-element elementor-element-743f840 e-flex e-con-boxed e-con e-parent\" data-id=\"743f840\" data-element_type=\"container\" data-e-type=\"container\">\n\t\t\t\t\t<div class=\"e-con-inner\">\n\t\t<div class=\"elementor-element elementor-element-f41e23f e-con-full e-flex e-con e-child\" data-id=\"f41e23f\" data-element_type=\"container\" data-e-type=\"container\">\n\t\t\t\t<div class=\"elementor-element elementor-element-b075652 at-image-animation at-animation-image-none at-none elementor-widget elementor-widget-image\" data-id=\"b075652\" data-element_type=\"widget\" data-e-type=\"widget\" data-settings=\"{&quot;ekit_we_effect_on&quot;:&quot;none&quot;}\" data-widget_type=\"image.default\">\n\t\t\t\t\t\t\t\t\t\t\t\t\t\t\t<img decoding=\"async\" width=\"275\" height=\"232\" src=\"http:\/\/betatest.fokal.org\/wp-content\/uploads\/2025\/06\/daniele.png\" class=\"attachment-large size-large wp-image-14802\" alt=\"\" \/>\t\t\t\t\t\t\t\t\t\t\t\t\t\t\t<\/div>\n\t\t\t\t<\/div>\n\t\t<div class=\"elementor-element elementor-element-6565ae2 e-con-full e-flex e-con e-child\" data-id=\"6565ae2\" data-element_type=\"container\" data-e-type=\"container\">\n\t\t\t\t<div class=\"elementor-element elementor-element-5bc258a elementor-widget elementor-widget-text-editor\" data-id=\"5bc258a\" data-element_type=\"widget\" data-e-type=\"widget\" data-settings=\"{&quot;ekit_we_effect_on&quot;:&quot;none&quot;}\" data-widget_type=\"text-editor.default\">\n\t\t\t\t\t\t\t\t\t<p>Sociologue, consultante en gestion, militante des droits de l\u2019homme et membre fondatrice de l\u2019organisation f\u00e9ministe Kay Fanm, qui g\u00e8re un refuge \u00e0 Port-au-Prince pour les survivantes de la violence sexuelle et travaille \u00e0 la promotion des droits des femmes et du d\u00e9veloppement \u00e9conomique. Elle a travaill\u00e9 \u00e0 l&#8217;\u00e9laboration de politiques nationales et de r\u00e9ponses contre la violence de genre et est coordinatrice du Collectif contre l&#8217;impunit\u00e9, un groupe de premier plan dans l&#8217;effort de traduire l&#8217;ancien pr\u00e9sident Jean-Claude Duvalier et ses associ\u00e9s en justice en Ha\u00efti. Mme. Magloire a \u00e9t\u00e9 un membre \u00e9minent du conseil consultatif du gouvernement pendant le gouvernement de transition post-Aristide de 2004 \u00e0 2006. Suite \u00e0 son service au gouvernement, Magloire est devenue la directrice ex\u00e9cutive du bureau ha\u00eftien de l&#8217;ONG canadienne Droits et D\u00e9mocratie, o\u00f9 elle a dirig\u00e9 les droits humains. Formation \u00e0 la d\u00e9fense des droits jusqu&#8217;en 2012, date \u00e0 laquelle le gouvernement Harper a ferm\u00e9 Droits et D\u00e9mocratie au Canada.<\/p>\t\t\t\t\t\t\t\t<\/div>\n\t\t\t\t<\/div>\n\t\t\t\t\t<\/div>\n\t\t\t\t<\/div>\n\t\t<div class=\"elementor-element elementor-element-a4c8c10 e-flex e-con-boxed e-con e-parent\" data-id=\"a4c8c10\" data-element_type=\"container\" data-e-type=\"container\">\n\t\t\t\t\t<div class=\"e-con-inner\">\n\t\t\t\t<div class=\"elementor-element elementor-element-8c89b1a elementor-widget elementor-widget-spacer\" data-id=\"8c89b1a\" data-element_type=\"widget\" data-e-type=\"widget\" data-settings=\"{&quot;ekit_we_effect_on&quot;:&quot;none&quot;}\" data-widget_type=\"spacer.default\">\n\t\t\t\t\t\t\t<div class=\"elementor-spacer\">\n\t\t\t<div class=\"elementor-spacer-inner\"><\/div>\n\t\t<\/div>\n\t\t\t\t\t\t<\/div>\n\t\t\t\t\t<\/div>\n\t\t\t\t<\/div>\n\t\t<div class=\"elementor-element elementor-element-f360e6f e-flex e-con-boxed e-con e-parent\" data-id=\"f360e6f\" data-element_type=\"container\" data-e-type=\"container\">\n\t\t\t\t\t<div class=\"e-con-inner\">\n\t\t\t\t<div class=\"elementor-element elementor-element-7637a2a at-heading-animation at-animation-heading-none elementor-widget elementor-widget-heading\" data-id=\"7637a2a\" data-element_type=\"widget\" data-e-type=\"widget\" id=\"membre-norma\" data-settings=\"{&quot;ekit_we_effect_on&quot;:&quot;none&quot;}\" data-widget_type=\"heading.default\">\n\t\t\t\t\t<h2 class=\"elementor-heading-title elementor-size-default\">Norma Powell, Secr\u00e9taire<\/h2>\t\t\t\t<\/div>\n\t\t\t\t\t<\/div>\n\t\t\t\t<\/div>\n\t\t<div class=\"elementor-element elementor-element-22ea07a e-flex e-con-boxed e-con e-parent\" data-id=\"22ea07a\" data-element_type=\"container\" data-e-type=\"container\">\n\t\t\t\t\t<div class=\"e-con-inner\">\n\t\t<div class=\"elementor-element elementor-element-b9a4795 e-con-full e-flex e-con e-child\" data-id=\"b9a4795\" data-element_type=\"container\" data-e-type=\"container\">\n\t\t\t\t<div class=\"elementor-element elementor-element-ef9c442 at-image-animation at-animation-image-none at-none elementor-widget elementor-widget-image\" data-id=\"ef9c442\" data-element_type=\"widget\" data-e-type=\"widget\" data-settings=\"{&quot;ekit_we_effect_on&quot;:&quot;none&quot;}\" data-widget_type=\"image.default\">\n\t\t\t\t\t\t\t\t\t\t\t\t\t\t\t<img decoding=\"async\" width=\"267\" height=\"230\" src=\"http:\/\/betatest.fokal.org\/wp-content\/uploads\/2025\/06\/norma.png\" class=\"attachment-large size-large wp-image-14801\" alt=\"\" \/>\t\t\t\t\t\t\t\t\t\t\t\t\t\t\t<\/div>\n\t\t\t\t<\/div>\n\t\t<div class=\"elementor-element elementor-element-536709c e-con-full e-flex e-con e-child\" data-id=\"536709c\" data-element_type=\"container\" data-e-type=\"container\">\n\t\t\t\t<div class=\"elementor-element elementor-element-e94f993 elementor-widget elementor-widget-text-editor\" data-id=\"e94f993\" data-element_type=\"widget\" data-e-type=\"widget\" data-settings=\"{&quot;ekit_we_effect_on&quot;:&quot;none&quot;}\" data-widget_type=\"text-editor.default\">\n\t\t\t\t\t\t\t\t\t<p>Ancienne directrice g\u00e9n\u00e9rale du Centre pour la facilitation des investissements (CFI), l&#8217;agence nationale de promotion des investissements d&#8217;Ha\u00efti. Membre fondateur du Parti lib\u00e9ral ha\u00eftien et de l&#8217;Association ha\u00eftienne de lutte contre la pauvret\u00e9. L\u2019engagement de Powell avec la philanthropie comprend la cr\u00e9ation de l\u2019Association pour la gestion des risques et la continuit\u00e9 des activit\u00e9s, une initiative du secteur priv\u00e9 qui travaille avec les autorit\u00e9s locales pour aider \u00e0 pr\u00e9venir et \u00e0 r\u00e9pondre aux catastrophes. Elle est \u00e9galement membre du conseil d&#8217;administration de Haven, une ONG de logement et de d\u00e9veloppement communautaire bas\u00e9e en Irlande qui travaille avec les Ha\u00eftiens pour construire ou r\u00e9parer des milliers de maisons et restaurer l&#8217;hygi\u00e8ne publique et l&#8217;assainissement \u00e0 la suite du tremblement de terre de 2010.<\/p>\t\t\t\t\t\t\t\t<\/div>\n\t\t\t\t<\/div>\n\t\t\t\t\t<\/div>\n\t\t\t\t<\/div>\n\t\t<div class=\"elementor-element elementor-element-acf2f4c e-flex e-con-boxed e-con e-parent\" data-id=\"acf2f4c\" data-element_type=\"container\" data-e-type=\"container\">\n\t\t\t\t\t<div class=\"e-con-inner\">\n\t\t\t\t<div class=\"elementor-element elementor-element-3c22d5a elementor-widget elementor-widget-spacer\" data-id=\"3c22d5a\" data-element_type=\"widget\" data-e-type=\"widget\" data-settings=\"{&quot;ekit_we_effect_on&quot;:&quot;none&quot;}\" data-widget_type=\"spacer.default\">\n\t\t\t\t\t\t\t<div class=\"elementor-spacer\">\n\t\t\t<div class=\"elementor-spacer-inner\"><\/div>\n\t\t<\/div>\n\t\t\t\t\t\t<\/div>\n\t\t\t\t\t<\/div>\n\t\t\t\t<\/div>\n\t\t<div class=\"elementor-element elementor-element-2956c9d e-flex e-con-boxed e-con e-parent\" data-id=\"2956c9d\" data-element_type=\"container\" data-e-type=\"container\">\n\t\t\t\t\t<div class=\"e-con-inner\">\n\t\t\t\t<div class=\"elementor-element elementor-element-3fbb1e4 at-heading-animation at-animation-heading-none elementor-widget elementor-widget-heading\" data-id=\"3fbb1e4\" data-element_type=\"widget\" data-e-type=\"widget\" id=\"membre-jean\" data-settings=\"{&quot;ekit_we_effect_on&quot;:&quot;none&quot;}\" data-widget_type=\"heading.default\">\n\t\t\t\t\t<h2 class=\"elementor-heading-title elementor-size-default\">Jean-Joseph Exum\u00e9, Membre<\/h2>\t\t\t\t<\/div>\n\t\t\t\t\t<\/div>\n\t\t\t\t<\/div>\n\t\t<div class=\"elementor-element elementor-element-3faf2da e-flex e-con-boxed e-con e-parent\" data-id=\"3faf2da\" data-element_type=\"container\" data-e-type=\"container\">\n\t\t\t\t\t<div class=\"e-con-inner\">\n\t\t<div class=\"elementor-element elementor-element-d9b639f e-con-full e-flex e-con e-child\" data-id=\"d9b639f\" data-element_type=\"container\" data-e-type=\"container\">\n\t\t\t\t<div class=\"elementor-element elementor-element-0330487 at-image-animation at-animation-image-none at-none elementor-widget elementor-widget-image\" data-id=\"0330487\" data-element_type=\"widget\" data-e-type=\"widget\" data-settings=\"{&quot;ekit_we_effect_on&quot;:&quot;none&quot;}\" data-widget_type=\"image.default\">\n\t\t\t\t\t\t\t\t\t\t\t\t\t\t\t<img loading=\"lazy\" decoding=\"async\" width=\"269\" height=\"231\" src=\"http:\/\/betatest.fokal.org\/wp-content\/uploads\/2025\/06\/exume.png\" class=\"attachment-large size-large wp-image-14800\" alt=\"\" \/>\t\t\t\t\t\t\t\t\t\t\t\t\t\t\t<\/div>\n\t\t\t\t<\/div>\n\t\t<div class=\"elementor-element elementor-element-cb79d53 e-con-full e-flex e-con e-child\" data-id=\"cb79d53\" data-element_type=\"container\" data-e-type=\"container\">\n\t\t\t\t<div class=\"elementor-element elementor-element-e7321c6 elementor-widget elementor-widget-text-editor\" data-id=\"e7321c6\" data-element_type=\"widget\" data-e-type=\"widget\" data-settings=\"{&quot;ekit_we_effect_on&quot;:&quot;none&quot;}\" data-widget_type=\"text-editor.default\">\n\t\t\t\t\t\t\t\t\t<p>Avocat sp\u00e9cialis\u00e9 en droit civil et commercial, il a \u00e9t\u00e9 ministre de la Justice et de la S\u00e9curit\u00e9 publique \u00e0 deux reprises, notamment dans le gouvernement de Mich\u00e8le D. Pierre-Louis (2008-2009). Il est un avocat b\u00e9n\u00e9vole du groupe des victimes de Duvalier, le Collectif contre l&#8217;impunit\u00e9, et membre du conseil d&#8217;administration du Centre \u0153cum\u00e9nique pour les droits de l&#8217;homme. Il a \u00e9t\u00e9 membre de la commission pr\u00e9sidentielle mise en place en janvier 2012 pour la r\u00e9vision du code p\u00e9nal ha\u00eftien vieux de 180 ans (un projet de r\u00e9vision du code p\u00e9nal a \u00e9t\u00e9 soumis en mars 2015).<\/p>\t\t\t\t\t\t\t\t<\/div>\n\t\t\t\t<\/div>\n\t\t\t\t\t<\/div>\n\t\t\t\t<\/div>\n\t\t<div class=\"elementor-element elementor-element-2a4ee80 e-flex e-con-boxed e-con e-parent\" data-id=\"2a4ee80\" data-element_type=\"container\" data-e-type=\"container\">\n\t\t\t\t\t<div class=\"e-con-inner\">\n\t\t\t\t<div class=\"elementor-element elementor-element-539e0aa elementor-widget elementor-widget-spacer\" data-id=\"539e0aa\" data-element_type=\"widget\" data-e-type=\"widget\" data-settings=\"{&quot;ekit_we_effect_on&quot;:&quot;none&quot;}\" data-widget_type=\"spacer.default\">\n\t\t\t\t\t\t\t<div class=\"elementor-spacer\">\n\t\t\t<div class=\"elementor-spacer-inner\"><\/div>\n\t\t<\/div>\n\t\t\t\t\t\t<\/div>\n\t\t\t\t\t<\/div>\n\t\t\t\t<\/div>\n\t\t<div class=\"elementor-element elementor-element-bc15aa1 e-flex e-con-boxed e-con e-parent\" data-id=\"bc15aa1\" data-element_type=\"container\" data-e-type=\"container\">\n\t\t\t\t\t<div class=\"e-con-inner\">\n\t\t\t\t<div class=\"elementor-element elementor-element-220aa1d at-heading-animation at-animation-heading-none elementor-widget elementor-widget-heading\" data-id=\"220aa1d\" data-element_type=\"widget\" data-e-type=\"widget\" id=\"membre-elisabeth\" data-settings=\"{&quot;ekit_we_effect_on&quot;:&quot;none&quot;}\" data-widget_type=\"heading.default\">\n\t\t\t\t\t<h2 class=\"elementor-heading-title elementor-size-default\">Elisabeth Colimon Woolley, Membre<\/h2>\t\t\t\t<\/div>\n\t\t\t\t\t<\/div>\n\t\t\t\t<\/div>\n\t\t<div class=\"elementor-element elementor-element-c1fa52e e-flex e-con-boxed e-con e-parent\" data-id=\"c1fa52e\" data-element_type=\"container\" data-e-type=\"container\">\n\t\t\t\t\t<div class=\"e-con-inner\">\n\t\t<div class=\"elementor-element elementor-element-558ca4f e-con-full e-flex e-con e-child\" data-id=\"558ca4f\" data-element_type=\"container\" data-e-type=\"container\">\n\t\t\t\t<div class=\"elementor-element elementor-element-452808a at-image-animation at-animation-image-none at-none elementor-widget elementor-widget-image\" data-id=\"452808a\" data-element_type=\"widget\" data-e-type=\"widget\" data-settings=\"{&quot;ekit_we_effect_on&quot;:&quot;none&quot;}\" data-widget_type=\"image.default\">\n\t\t\t\t\t\t\t\t\t\t\t\t\t\t\t<img loading=\"lazy\" decoding=\"async\" width=\"268\" height=\"229\" src=\"http:\/\/betatest.fokal.org\/wp-content\/uploads\/2025\/06\/elisabeth.png\" class=\"attachment-large size-large wp-image-14799\" alt=\"\" \/>\t\t\t\t\t\t\t\t\t\t\t\t\t\t\t<\/div>\n\t\t\t\t<\/div>\n\t\t<div class=\"elementor-element elementor-element-01b9c65 e-con-full e-flex e-con e-child\" data-id=\"01b9c65\" data-element_type=\"container\" data-e-type=\"container\">\n\t\t\t\t<div class=\"elementor-element elementor-element-64f6ca3 elementor-widget elementor-widget-text-editor\" data-id=\"64f6ca3\" data-element_type=\"widget\" data-e-type=\"widget\" data-settings=\"{&quot;ekit_we_effect_on&quot;:&quot;none&quot;}\" data-widget_type=\"text-editor.default\">\n\t\t\t\t\t\t\t\t\t<p>Elle est avocate militante aupr\u00e8s de Dantes P. Colimon et membre du barreau de Port-au-Prince depuis 1978. Elle a obtenu son baccalaur\u00e9at en \u00e9tudes juridiques de la facult\u00e9 de droit et d&#8217;\u00e9conomie en 1980. Elle est \u00e9galement membre du conseil d&#8217;administration des directeurs du Barreau de l&#8217;Administration portuaire de l&#8217;Arche d&#8217;Ha\u00efti et du Fonds d&#8217;Ha\u00efti pour l&#8217;aide aux femmes; Membre du Comit\u00e9 d&#8217;\u00e9thique des Centres GHESKIO et du Soroptimist International Club de Port-au-Prince. Elle s&#8217;int\u00e9resse \u00e9galement au micro-cr\u00e9dit, \u00e0 l&#8217;\u00e9thique et au d\u00e9veloppement personnel (motivation et connaissance de soi).<\/p>\t\t\t\t\t\t\t\t<\/div>\n\t\t\t\t<\/div>\n\t\t\t\t\t<\/div>\n\t\t\t\t<\/div>\n\t\t\t\t<\/div>\n\t\t","protected":false},"excerpt":{"rendered":"<p>Maxime D. Charles, Pr\u00e9sident Ancien PDG de la Banque [&hellip;]<\/p>\n","protected":false},"author":1,"featured_media":0,"parent":0,"menu_order":0,"comment_status":"closed","ping_status":"closed","template":"","meta":{"give_campaign_id":0,"footnotes":""},"class_list":["post-14928","page","type-page","status-publish","hentry"],"campaignId":"","_links":{"self":[{"href":"http:\/\/betatest.fokal.org\/index.php\/wp-json\/wp\/v2\/pages\/14928","targetHints":{"allow":["GET"]}}],"collection":[{"href":"http:\/\/betatest.fokal.org\/index.php\/wp-json\/wp\/v2\/pages"}],"about":[{"href":"http:\/\/betatest.fokal.org\/index.php\/wp-json\/wp\/v2\/types\/page"}],"author":[{"embeddable":true,"href":"http:\/\/betatest.fokal.org\/index.php\/wp-json\/wp\/v2\/users\/1"}],"replies":[{"embeddable":true,"href":"http:\/\/betatest.fokal.org\/index.php\/wp-json\/wp\/v2\/comments?post=14928"}],"version-history":[{"count":17,"href":"http:\/\/betatest.fokal.org\/index.php\/wp-json\/wp\/v2\/pages\/14928\/revisions"}],"predecessor-version":[{"id":19593,"href":"http:\/\/betatest.fokal.org\/index.php\/wp-json\/wp\/v2\/pages\/14928\/revisions\/19593"}],"wp:attachment":[{"href":"http:\/\/betatest.fokal.org\/index.php\/wp-json\/wp\/v2\/media?parent=14928"}],"curies":[{"name":"wp","href":"https:\/\/api.w.org\/{rel}","templated":true}]}}