{"id":14359,"date":"2025-02-24T10:55:19","date_gmt":"2025-02-24T10:55:19","guid":{"rendered":"https:\/\/demo.awaikenthemes.com\/lenity\/?page_id=14359"},"modified":"2025-07-03T13:37:40","modified_gmt":"2025-07-03T13:37:40","slug":"ayiti-demen","status":"publish","type":"page","link":"http:\/\/betatest.fokal.org\/index.php\/ayiti-demen\/","title":{"rendered":"Ayiti Demen"},"content":{"rendered":"\t\t<div data-elementor-type=\"wp-page\" data-elementor-id=\"14359\" class=\"elementor elementor-14359\">\n\t\t\t\t<div class=\"elementor-element elementor-element-0077b98 hero-bg e-flex e-con-boxed e-con e-parent\" data-id=\"0077b98\" data-element_type=\"container\" data-e-type=\"container\" data-settings=\"{&quot;background_background&quot;:&quot;video&quot;,&quot;background_video_link&quot;:&quot;https:\\\/\\\/youtu.be\\\/byH1Eddsb2c?si=Ka-mtF3cgYvsbK6O&amp;t=65&quot;,&quot;background_play_on_mobile&quot;:&quot;yes&quot;,&quot;background_video_end&quot;:120}\">\n\t\t\t\t\t<div class=\"e-con-inner\">\n\t\t<div class=\"elementor-background-video-container\">\n\t\t\t\t\t\t\t<div class=\"elementor-background-video-embed\" role=\"presentation\"><\/div>\n\t\t\t\t\t\t<\/div><div class=\"elementor-element elementor-element-5ae453a e-con-full e-flex e-con e-child\" data-id=\"5ae453a\" data-element_type=\"container\" data-e-type=\"container\">\n\t\t\t\t<div class=\"elementor-element elementor-element-4a056b6 at-heading-animation at-animation-heading-none elementor-widget elementor-widget-heading\" data-id=\"4a056b6\" data-element_type=\"widget\" data-e-type=\"widget\" data-settings=\"{&quot;ekit_we_effect_on&quot;:&quot;none&quot;}\" data-widget_type=\"heading.default\">\n\t\t\t\t\t<h2 class=\"elementor-heading-title elementor-size-default\">AYITI DEMEN<\/h2>\t\t\t\t<\/div>\n\t\t\t\t<\/div>\n\t\t\t\t<div class=\"elementor-element elementor-element-f49e3d5 elementor-widget elementor-widget-text-editor\" data-id=\"f49e3d5\" data-element_type=\"widget\" data-e-type=\"widget\" data-settings=\"{&quot;ekit_we_effect_on&quot;:&quot;none&quot;}\" data-widget_type=\"text-editor.default\">\n\t\t\t\t\t\t\t\t\t<p>Ayiti Demen est une organisation \u00e0 but non lucratif d\u00e9di\u00e9e \u00e0 am\u00e9liorer la qualit\u00e9 de vie en Ha\u00efti en autonomisant les communaut\u00e9s locales gr\u00e2ce \u00e0 la philanthropie.<\/p>\t\t\t\t\t\t\t\t<\/div>\n\t\t<div class=\"elementor-element elementor-element-93a65cb e-con-full e-flex e-con e-child\" data-id=\"93a65cb\" data-element_type=\"container\" data-e-type=\"container\">\n\t\t\t\t<div class=\"elementor-element elementor-element-deb014a elementor-widget elementor-widget-spacer\" data-id=\"deb014a\" data-element_type=\"widget\" data-e-type=\"widget\" data-settings=\"{&quot;ekit_we_effect_on&quot;:&quot;none&quot;}\" data-widget_type=\"spacer.default\">\n\t\t\t\t\t\t\t<div class=\"elementor-spacer\">\n\t\t\t<div class=\"elementor-spacer-inner\"><\/div>\n\t\t<\/div>\n\t\t\t\t\t\t<\/div>\n\t\t\t\t<\/div>\n\t\t<div class=\"elementor-element elementor-element-cff8294 e-con-full e-flex e-con e-child\" data-id=\"cff8294\" data-element_type=\"container\" data-e-type=\"container\">\n\t\t\t\t<div class=\"elementor-element elementor-element-e739299 elementor-widget elementor-widget-button\" data-id=\"e739299\" data-element_type=\"widget\" data-e-type=\"widget\" data-settings=\"{&quot;ekit_we_effect_on&quot;:&quot;none&quot;}\" data-widget_type=\"button.default\">\n\t\t\t\t\t\t\t\t\t\t<a class=\"elementor-button elementor-button-link elementor-size-sm\" href=\"https:\/\/ademen.org\/donate\/\">\n\t\t\t\t\t\t<span class=\"elementor-button-content-wrapper\">\n\t\t\t\t\t\t\t\t\t<span class=\"elementor-button-text\">Faire un don<\/span>\n\t\t\t\t\t<\/span>\n\t\t\t\t\t<\/a>\n\t\t\t\t\t\t\t\t<\/div>\n\t\t\t\t<div class=\"elementor-element elementor-element-a14bb92 elementor-widget elementor-widget-button\" data-id=\"a14bb92\" data-element_type=\"widget\" data-e-type=\"widget\" data-settings=\"{&quot;ekit_we_effect_on&quot;:&quot;none&quot;}\" data-widget_type=\"button.default\">\n\t\t\t\t\t\t\t\t\t\t<a class=\"elementor-button elementor-button-link elementor-size-sm\" href=\"https:\/\/ademen.org\/\">\n\t\t\t\t\t\t<span class=\"elementor-button-content-wrapper\">\n\t\t\t\t\t\t\t\t\t<span class=\"elementor-button-text\">Lire plus...<\/span>\n\t\t\t\t\t<\/span>\n\t\t\t\t\t<\/a>\n\t\t\t\t\t\t\t\t<\/div>\n\t\t\t\t<\/div>\n\t\t<div class=\"elementor-element elementor-element-d7f754f e-con-full e-flex e-con e-child\" data-id=\"d7f754f\" data-element_type=\"container\" data-e-type=\"container\">\n\t\t<div class=\"elementor-element elementor-element-bd1a189 e-grid e-con-full e-con e-child\" data-id=\"bd1a189\" data-element_type=\"container\" data-e-type=\"container\">\n\t\t\t\t<div class=\"elementor-element elementor-element-0ed6b03 elementor-widget elementor-widget-text-editor\" data-id=\"0ed6b03\" data-element_type=\"widget\" data-e-type=\"widget\" data-settings=\"{&quot;ekit_we_effect_on&quot;:&quot;none&quot;}\" data-widget_type=\"text-editor.default\">\n\t\t\t\t\t\t\t\t\t<p>Adresse :<\/p><div class=\"sppb-addon-text\"><p>28 Bethune Street New York, NY 10014 USA<\/p><p>Email: <a href=\"mailto:info@ademen.org\">info@ademen.org<\/a><\/p><\/div>\t\t\t\t\t\t\t\t<\/div>\n\t\t\t\t<div class=\"elementor-element elementor-element-dee7675 elementor-widget elementor-widget-text-editor\" data-id=\"dee7675\" data-element_type=\"widget\" data-e-type=\"widget\" data-settings=\"{&quot;ekit_we_effect_on&quot;:&quot;none&quot;}\" data-widget_type=\"text-editor.default\">\n\t\t\t\t\t\t\t\t\t<p>T\u00e9l\u00e9phone:<\/p><p>+1 347 506 1158 | +1 347 352 1955<\/p>\t\t\t\t\t\t\t\t<\/div>\n\t\t\t\t<div class=\"elementor-element elementor-element-67dda67 elementor-widget elementor-widget-text-editor\" data-id=\"67dda67\" data-element_type=\"widget\" data-e-type=\"widget\" data-settings=\"{&quot;ekit_we_effect_on&quot;:&quot;none&quot;}\" data-widget_type=\"text-editor.default\">\n\t\t\t\t\t\t\t\t\t<p>Youtube:<\/p><p><a href=\"https:\/\/fokal.org\/www.youtube.com\/@ayititomorrow\" target=\"_blank\" rel=\"noopener\">www.youtube.com\/@ayititomorrow<\/a><\/p>\t\t\t\t\t\t\t\t<\/div>\n\t\t\t\t<\/div>\n\t\t\t\t<\/div>\n\t\t\t\t\t<\/div>\n\t\t\t\t<\/div>\n\t\t<div class=\"elementor-element elementor-element-fd47f87 e-flex e-con-boxed e-con e-parent\" data-id=\"fd47f87\" data-element_type=\"container\" data-e-type=\"container\">\n\t\t\t\t\t<div class=\"e-con-inner\">\n\t\t<div class=\"elementor-element elementor-element-6956058 e-con-full e-flex e-con e-child\" data-id=\"6956058\" data-element_type=\"container\" data-e-type=\"container\">\n\t\t\t\t<div class=\"elementor-element elementor-element-c62ab74 at-heading-animation at-animation-heading-style-2 elementor-widget elementor-widget-heading\" data-id=\"c62ab74\" data-element_type=\"widget\" data-e-type=\"widget\" data-settings=\"{&quot;ekit_we_effect_on&quot;:&quot;none&quot;}\" data-widget_type=\"heading.default\">\n\t\t\t\t\t<h2 class=\"elementor-heading-title elementor-size-default\">\u00c0 propos<br>de Ayiti Demen<\/h2>\t\t\t\t<\/div>\n\t\t<div class=\"elementor-element elementor-element-d9870e2 e-con-full e-flex e-con e-child\" data-id=\"d9870e2\" data-element_type=\"container\" data-e-type=\"container\">\n\t\t\t\t<div class=\"elementor-element elementor-element-6085cb3 elementor-widget elementor-widget-text-editor\" data-id=\"6085cb3\" data-element_type=\"widget\" data-e-type=\"widget\" data-settings=\"{&quot;ekit_we_effect_on&quot;:&quot;none&quot;}\" data-widget_type=\"text-editor.default\">\n\t\t\t\t\t\t\t\t\t<div id=\"sppb-addon-wrapper-1584960543359\" class=\"sppb-addon-wrapper addon-root-heading\"><div id=\"sppb-addon-1584960543359\" class=\"clearfix sppb-wow fadeInRight sppb-positioned-addon sppb-animated\" data-sppb-wow-duration=\"300ms\" data-sppb-wow-delay=\"300ms\" data-col-zindex=\"2\" data-rowid=\"1584946492369\" data-colid=\"1584946492368\"><div class=\"sppb-addon sppb-addon-header\"><h1 class=\"sppb-addon-title\">\u00a0<\/h1><\/div><\/div><\/div><div id=\"sppb-addon-wrapper-1584960613698\" class=\"sppb-addon-wrapper addon-root-text-block\"><div id=\"sppb-addon-1584960613698\" class=\"clearfix sppb-wow fadeInRight sppb-positioned-addon sppb-animated\" data-sppb-wow-duration=\"400ms\" data-sppb-wow-delay=\"400ms\" data-col-zindex=\"2\" data-rowid=\"1584946492369\" data-colid=\"1584946492368\"><div class=\"sppb-addon sppb-addon-text-block \"><div class=\"sppb-addon-content\"><p><strong>Notre Histoire<\/strong><\/p><p>Autrefois connue sous le nom &#8220;Friends of FOKAL&#8221;, Ayiti Demen a \u00e9t\u00e9 fond\u00e9e en 2007 pour soutenir les activit\u00e9s de la Fondation pour la Connaissance et la Libert\u00e9 (FOKAL), une fondation priv\u00e9e ha\u00eftienne de 26 ans. Alors que les probl\u00e8mes sociaux et \u00e9conomiques ont augment\u00e9 en Ha\u00efti au fil des ans, notre mission a commenc\u00e9 \u00e0 s&#8217;\u00e9tendre au-del\u00e0 des besoins financiers de FOKAL. De nombreux jeunes sont d\u00e9sillusionn\u00e9s par le manque d&#8217;opportunit\u00e9s pour r\u00e9aliser leurs aspirations et contribuer \u00e0 leurs communaut\u00e9s ; les artistes peinent \u00e0 cr\u00e9er et \u00e0 vivre de leur art ; les agriculteurs et les producteurs voient leurs moyens de subsistance menac\u00e9s par les changements climatiques et les catastrophes naturelles. Nous abordons s\u00e9rieusement et efficacement ces questions et bien d&#8217;autres encore. Nous menons ce travail en finan\u00e7ant des initiatives innovantes con\u00e7ues et mises en \u0153uvre par des organisations ayant une compr\u00e9hension concr\u00e8te des probl\u00e8mes et capables de produire un impact mesurable. Les projets que nous finan\u00e7ons tournent autour de trois grands th\u00e8mes : l&#8217;\u00e9ducation, l&#8217;art et la culture, le d\u00e9veloppement durable&#8230;.<a href=\"https:\/\/ademen.org\/\">Lire plus<\/a><\/p><\/div><\/div><\/div><\/div>\t\t\t\t\t\t\t\t<\/div>\n\t\t\t\t<\/div>\n\t\t\t\t<\/div>\n\t\t<div class=\"elementor-element elementor-element-b0e2381 e-con-full e-flex e-con e-child\" data-id=\"b0e2381\" data-element_type=\"container\" data-e-type=\"container\">\n\t\t\t\t<div class=\"elementor-element elementor-element-5ca514c what-we-do-img-1 at-image-animation at-animation-image-style-1 at-shiny-glass-effect elementor-widget elementor-widget-image\" data-id=\"5ca514c\" data-element_type=\"widget\" data-e-type=\"widget\" data-settings=\"{&quot;ekit_we_effect_on&quot;:&quot;none&quot;}\" data-widget_type=\"image.default\">\n\t\t\t\t\t\t\t\t\t\t\t\t\t\t\t<img fetchpriority=\"high\" decoding=\"async\" width=\"1585\" height=\"1282\" src=\"http:\/\/betatest.fokal.org\/wp-content\/uploads\/2025\/06\/ayitid.png\" class=\"attachment-full size-full wp-image-14969\" alt=\"\" \/>\t\t\t\t\t\t\t\t\t\t\t\t\t\t\t<\/div>\n\t\t\t\t<\/div>\n\t\t<div class=\"elementor-element elementor-element-e64f9dc e-con-full e-flex e-con e-child\" data-id=\"e64f9dc\" data-element_type=\"container\" data-e-type=\"container\">\n\t\t\t\t<\/div>\n\t\t\t\t\t<\/div>\n\t\t\t\t<\/div>\n\t\t<div class=\"elementor-element elementor-element-040864a e-flex e-con-boxed e-con e-parent\" data-id=\"040864a\" data-element_type=\"container\" data-e-type=\"container\">\n\t\t\t\t\t<div class=\"e-con-inner\">\n\t\t\t\t<div class=\"elementor-element elementor-element-aac941c elementor-widget elementor-widget-html\" data-id=\"aac941c\" data-element_type=\"widget\" data-e-type=\"widget\" data-settings=\"{&quot;ekit_we_effect_on&quot;:&quot;none&quot;}\" data-widget_type=\"html.default\">\n\t\t\t\t\t<script>\r\n  document.addEventListener('DOMContentLoaded', function () {\r\n    const header = document.querySelector('.header-version-1');\r\n    const trigger = document.querySelector('.elementor-element-fd47f87');\r\n\r\n    if (!header || !trigger) return;\r\n\r\n    const triggerOffset = trigger.offsetTop;\r\n\r\n    window.addEventListener('scroll', function () {\r\n      if (window.scrollY >= triggerOffset) {\r\n        header.classList.add('is-sticky');\r\n      } else {\r\n        header.classList.remove('is-sticky');\r\n      }\r\n    });\r\n  });\r\n<\/script>\r\n\t\t\t\t<\/div>\n\t\t\t\t\t<\/div>\n\t\t\t\t<\/div>\n\t\t\t\t<\/div>\n\t\t","protected":false},"excerpt":{"rendered":"<p>AYITI DEMEN Ayiti Demen est une organisation \u00e0 but [&hellip;]<\/p>\n","protected":false},"author":1,"featured_media":0,"parent":0,"menu_order":0,"comment_status":"closed","ping_status":"closed","template":"elementor_header_footer","meta":{"give_campaign_id":0,"footnotes":""},"class_list":["post-14359","page","type-page","status-publish","hentry"],"campaignId":"","_links":{"self":[{"href":"http:\/\/betatest.fokal.org\/index.php\/wp-json\/wp\/v2\/pages\/14359","targetHints":{"allow":["GET"]}}],"collection":[{"href":"http:\/\/betatest.fokal.org\/index.php\/wp-json\/wp\/v2\/pages"}],"about":[{"href":"http:\/\/betatest.fokal.org\/index.php\/wp-json\/wp\/v2\/types\/page"}],"author":[{"embeddable":true,"href":"http:\/\/betatest.fokal.org\/index.php\/wp-json\/wp\/v2\/users\/1"}],"replies":[{"embeddable":true,"href":"http:\/\/betatest.fokal.org\/index.php\/wp-json\/wp\/v2\/comments?post=14359"}],"version-history":[{"count":33,"href":"http:\/\/betatest.fokal.org\/index.php\/wp-json\/wp\/v2\/pages\/14359\/revisions"}],"predecessor-version":[{"id":16651,"href":"http:\/\/betatest.fokal.org\/index.php\/wp-json\/wp\/v2\/pages\/14359\/revisions\/16651"}],"wp:attachment":[{"href":"http:\/\/betatest.fokal.org\/index.php\/wp-json\/wp\/v2\/media?parent=14359"}],"curies":[{"name":"wp","href":"https:\/\/api.w.org\/{rel}","templated":true}]}}